{"id":551,"date":"2023-05-29T09:12:48","date_gmt":"2023-05-29T09:12:48","guid":{"rendered":"https:\/\/forjados.net\/?page_id=551"},"modified":"2023-06-04T17:46:01","modified_gmt":"2023-06-04T17:46:01","slug":"cerramientos-pretensados-2","status":"publish","type":"page","link":"https:\/\/forjados.net\/index.php\/cerramientos-pretensados-2\/","title":{"rendered":"Cerramientos Pretensados"},"content":{"rendered":"<div data-colibri-id=\"551-c1\" class=\"style-619 style-local-551-c1 position-relative\">\n  <!---->\n  <div data-colibri-component=\"section\" data-colibri-id=\"551-c2\" id=\"custom\" class=\"h-section h-section-global-spacing d-flex align-items-lg-center align-items-md-center align-items-center style-700 style-local-551-c2 position-relative\">\n    <!---->\n    <!---->\n    <div class=\"h-section-grid-container h-section-boxed-container\">\n      <div data-colibri-id=\"551-c17\" class=\"h-row-container gutters-row-lg-2 gutters-row-md-2 gutters-row-0 gutters-row-v-lg-2 gutters-row-v-md-2 gutters-row-v-2 style-819 style-local-551-c17 position-relative\">\n        <!---->\n        <div class=\"h-row justify-content-lg-center justify-content-md-center justify-content-center align-items-lg-stretch align-items-md-stretch align-items-stretch gutters-col-lg-2 gutters-col-md-2 gutters-col-0 gutters-col-v-lg-2 gutters-col-v-md-2 gutters-col-v-2\">\n          <!---->\n          <div class=\"h-column h-column-container d-flex h-col-lg-auto h-col-md-auto h-col-auto style-820-outer style-local-551-c18-outer\">\n            <div data-colibri-id=\"551-c18\" class=\"d-flex h-flex-basis h-column__inner h-px-lg-2 h-px-md-2 h-px-2 v-inner-lg-2 v-inner-md-2 v-inner-2 style-820 style-local-551-c18 position-relative\">\n              <!---->\n              <!---->\n              <div class=\"w-100 h-y-container h-column__content h-column__v-align flex-basis-100 align-self-lg-start align-self-md-start align-self-start\">\n                <!---->\n                <div data-colibri-id=\"551-c19\" class=\"h-global-transition-all h-heading style-821 style-local-551-c19 position-relative h-element\">\n                  <!---->\n                  <div class=\"h-heading__outer style-821 style-local-551-c19\">\n                    <!---->\n                    <!---->\n                    <h2 class=\"\">Cerramientos Pretensados<\/h2>\n                  <\/div>\n                <\/div>\n              <\/div>\n            <\/div>\n          <\/div>\n        <\/div>\n      <\/div>\n      <div data-colibri-id=\"551-c3\" class=\"h-row-container gutters-row-lg-2 gutters-row-md-2 gutters-row-0 gutters-row-v-lg-2 gutters-row-v-md-2 gutters-row-v-2 style-708 style-local-551-c3 position-relative\">\n        <!---->\n        <div class=\"h-row justify-content-lg-center justify-content-md-center justify-content-center align-items-lg-stretch align-items-md-stretch align-items-stretch gutters-col-lg-2 gutters-col-md-2 gutters-col-0 gutters-col-v-lg-2 gutters-col-v-md-2 gutters-col-v-2\">\n          <!---->\n          <div class=\"h-column h-column-container d-flex h-col-lg-auto h-col-md-auto h-col-auto style-709-outer style-local-551-c4-outer\">\n            <div data-colibri-id=\"551-c4\" class=\"d-flex h-flex-basis h-column__inner h-px-lg-2 h-px-md-2 h-px-2 v-inner-lg-2 v-inner-md-2 v-inner-2 style-709 style-local-551-c4 position-relative\">\n              <!---->\n              <!---->\n              <div class=\"w-100 h-y-container h-column__content h-column__v-align flex-basis-100 align-self-lg-start align-self-md-start align-self-start\">\n                <!---->\n                <div data-colibri-id=\"551-c5\" class=\"h-text h-text-component style-710 style-local-551-c5 position-relative h-element\">\n                  <!---->\n                  <!---->\n                  <div class=\"\">\n                    <p>Nuestros cerramientos con placas alveolares pretensadas son la mejor opci\u00f3n para su proyecto. Nos adaptamos a la morfolog\u00eda de su obra, dimensionamos el canto de nuestro producto en funci\u00f3n al largo que tenga su estructura.<\/p>\n                    <p>Tenemos de cantos de placa C-15 y C-20. Y los alturas que se fabrican son en 120 cm de alto por el largo<\/p>\n                    <p>\n                      <br>\n                    <\/p>\n                  <\/div>\n                <\/div>\n              <\/div>\n            <\/div>\n          <\/div>\n        <\/div>\n      <\/div>\n      <div data-colibri-id=\"551-c6\" class=\"h-row-container gutters-row-lg-2 gutters-row-md-2 gutters-row-0 gutters-row-v-lg-2 gutters-row-v-md-2 gutters-row-v-2 style-701 style-local-551-c6 position-relative\">\n        <!---->\n        <div class=\"h-row justify-content-lg-center justify-content-md-center justify-content-center align-items-lg-stretch align-items-md-stretch align-items-stretch gutters-col-lg-2 gutters-col-md-2 gutters-col-0 gutters-col-v-lg-2 gutters-col-v-md-2 gutters-col-v-2\">\n          <!---->\n          <div class=\"h-column h-column-container d-flex h-col-lg-auto h-col-md-auto h-col-auto style-702-outer style-local-551-c7-outer\">\n            <div data-colibri-id=\"551-c7\" class=\"d-flex h-flex-basis h-column__inner h-px-lg-2 h-px-md-2 h-px-2 v-inner-lg-2 v-inner-md-2 v-inner-2 style-702 style-local-551-c7 position-relative\">\n              <!---->\n              <!---->\n              <div class=\"w-100 h-y-container h-column__content h-column__v-align flex-basis-100 align-self-lg-start align-self-md-start align-self-start\">\n                <!---->\n                <div data-colibri-id=\"551-c8\" class=\"d-block style-704 style-local-551-c8 position-relative h-element\">\n                  <!---->\n                  <div class=\"h-image__frame-container-outer\">\n                    <div class=\"h-image__frame-container\">\n                      <!---->\n                      <!---->\n                      <img loading=\"lazy\" decoding=\"async\" width=\"1599\" height=\"900\" src=\"https:\/\/forjados.net\/wp-content\/uploads\/2023\/05\/cropped-cropped-c20-1.jpg\" class=\"wp-image-602 style-704-image style-local-551-c8-image\" alt=\"\" srcset=\"https:\/\/forjados.net\/wp-content\/uploads\/2023\/05\/cropped-cropped-c20-1.jpg 1599w, https:\/\/forjados.net\/wp-content\/uploads\/2023\/05\/cropped-cropped-c20-1-300x169.jpg 300w, https:\/\/forjados.net\/wp-content\/uploads\/2023\/05\/cropped-cropped-c20-1-1024x576.jpg 1024w, https:\/\/forjados.net\/wp-content\/uploads\/2023\/05\/cropped-cropped-c20-1-768x432.jpg 768w, https:\/\/forjados.net\/wp-content\/uploads\/2023\/05\/cropped-cropped-c20-1-1536x865.jpg 1536w\" sizes=\"auto, (max-width: 1599px) 100vw, 1599px\" \/>\n                      <div class=\"h-image__frame h-hide-lg h-hide-md h-hide-sm style-704-frameImage style-local-551-c8-frameImage\"><\/div>\n                    <\/div>\n                  <\/div>\n                <\/div>\n                <div data-colibri-id=\"551-c9\" class=\"h-text h-text-component style-711 style-local-551-c9 position-relative h-element\">\n                  <!---->\n                  <!---->\n                  <div class=\"\">\n                    <p>Nuestro departamento t\u00e9cnico, estudia su obra, le asesora sobre la mejor forma de colocacion y adapta su proyecto a las posibilidades del prefabricado.<\/p>\n                    <p>Si tienes que hacer un cerramiento en una nave o una valla, cu\u00e9ntanoslo y te lo solucionamos.<\/p>\n                    <p>\n                      <br>\n                    <\/p>\n                  <\/div>\n                <\/div>\n              <\/div>\n            <\/div>\n          <\/div>\n          <div class=\"h-column h-column-container d-flex h-col-lg-auto h-col-md-auto h-col-auto style-703-outer style-local-551-c10-outer\">\n            <div data-colibri-id=\"551-c10\" class=\"d-flex h-flex-basis h-column__inner h-px-lg-2 h-px-md-2 h-px-2 v-inner-lg-2 v-inner-md-2 v-inner-2 style-703 style-local-551-c10 position-relative\">\n              <!---->\n              <!---->\n              <div class=\"w-100 h-y-container h-column__content h-column__v-align flex-basis-100 align-self-lg-start align-self-md-start align-self-start\">\n                <!---->\n                <div data-colibri-id=\"551-c11\" class=\"d-block style-705 style-local-551-c11 position-relative h-element\">\n                  <!---->\n                  <div class=\"h-image__frame-container-outer\">\n                    <div class=\"h-image__frame-container\">\n                      <!---->\n                      <!---->\n                      <img loading=\"lazy\" decoding=\"async\" width=\"1395\" height=\"1314\" src=\"https:\/\/forjados.net\/wp-content\/uploads\/2023\/05\/cropped-cropped-c15-2-1.jpg\" class=\"wp-image-603 style-705-image style-local-551-c11-image\" alt=\"\" srcset=\"https:\/\/forjados.net\/wp-content\/uploads\/2023\/05\/cropped-cropped-c15-2-1.jpg 1395w, https:\/\/forjados.net\/wp-content\/uploads\/2023\/05\/cropped-cropped-c15-2-1-300x283.jpg 300w, https:\/\/forjados.net\/wp-content\/uploads\/2023\/05\/cropped-cropped-c15-2-1-1024x965.jpg 1024w, https:\/\/forjados.net\/wp-content\/uploads\/2023\/05\/cropped-cropped-c15-2-1-768x723.jpg 768w\" sizes=\"auto, (max-width: 1395px) 100vw, 1395px\" \/>\n                      <div class=\"h-image__frame h-hide-lg h-hide-md h-hide-sm style-705-frameImage style-local-551-c11-frameImage\"><\/div>\n                    <\/div>\n                  <\/div>\n                <\/div>\n              <\/div>\n            <\/div>\n          <\/div>\n        <\/div>\n      <\/div>\n      <div data-colibri-id=\"551-c12\" class=\"h-row-container gutters-row-lg-2 gutters-row-md-2 gutters-row-0 gutters-row-v-lg-2 gutters-row-v-md-2 gutters-row-v-2 style-712 style-local-551-c12 position-relative\">\n        <!---->\n        <div class=\"h-row justify-content-lg-center justify-content-md-center justify-content-center align-items-lg-stretch align-items-md-stretch align-items-stretch gutters-col-lg-2 gutters-col-md-2 gutters-col-0 gutters-col-v-lg-2 gutters-col-v-md-2 gutters-col-v-2\">\n          <!---->\n          <div class=\"h-column h-column-container d-flex h-col-lg-auto h-col-md-auto h-col-auto style-713-outer style-local-551-c13-outer\">\n            <div data-colibri-id=\"551-c13\" class=\"d-flex h-flex-basis h-column__inner h-px-lg-2 h-px-md-2 h-px-2 v-inner-lg-2 v-inner-md-2 v-inner-2 style-713 style-local-551-c13 position-relative\">\n              <!---->\n              <!---->\n              <div class=\"w-100 h-y-container h-column__content h-column__v-align flex-basis-100 align-self-lg-start align-self-md-start align-self-start\">\n                <!---->\n                <div data-colibri-id=\"551-c14\" class=\"d-block style-716 style-local-551-c14 position-relative h-element\">\n                  <!---->\n                  <div class=\"h-image__frame-container-outer\">\n                    <div class=\"h-image__frame-container\">\n                      <!---->\n                      <!---->\n                      <img loading=\"lazy\" decoding=\"async\" width=\"1200\" height=\"1200\" src=\"https:\/\/forjados.net\/wp-content\/uploads\/2023\/05\/cropped-WhatsApp-Image-2021-05-03-at-16.33.53-1-1.jpeg\" class=\"wp-image-604 style-716-image style-local-551-c14-image\" alt=\"\" srcset=\"https:\/\/forjados.net\/wp-content\/uploads\/2023\/05\/cropped-WhatsApp-Image-2021-05-03-at-16.33.53-1-1.jpeg 1200w, https:\/\/forjados.net\/wp-content\/uploads\/2023\/05\/cropped-WhatsApp-Image-2021-05-03-at-16.33.53-1-1-300x300.jpeg 300w, https:\/\/forjados.net\/wp-content\/uploads\/2023\/05\/cropped-WhatsApp-Image-2021-05-03-at-16.33.53-1-1-1024x1024.jpeg 1024w, https:\/\/forjados.net\/wp-content\/uploads\/2023\/05\/cropped-WhatsApp-Image-2021-05-03-at-16.33.53-1-1-150x150.jpeg 150w, https:\/\/forjados.net\/wp-content\/uploads\/2023\/05\/cropped-WhatsApp-Image-2021-05-03-at-16.33.53-1-1-768x768.jpeg 768w\" sizes=\"auto, (max-width: 1200px) 100vw, 1200px\" \/>\n                      <div class=\"h-image__frame h-hide-lg h-hide-md h-hide-sm style-716-frameImage style-local-551-c14-frameImage\"><\/div>\n                    <\/div>\n                  <\/div>\n                <\/div>\n              <\/div>\n            <\/div>\n          <\/div>\n          <div class=\"h-column h-column-container d-flex h-col-lg-auto h-col-md-auto h-col-auto style-714-outer style-local-551-c15-outer\">\n            <div data-colibri-id=\"551-c15\" class=\"d-flex h-flex-basis h-column__inner h-px-lg-2 h-px-md-2 h-px-2 v-inner-lg-2 v-inner-md-2 v-inner-2 style-714 style-local-551-c15 position-relative\">\n              <!---->\n              <!---->\n              <div class=\"w-100 h-y-container h-column__content h-column__v-align flex-basis-100 align-self-lg-start align-self-md-start align-self-start\">\n                <!---->\n                <div data-colibri-id=\"551-c16\" class=\"d-block style-715 style-local-551-c16 position-relative h-element\">\n                  <!---->\n                  <div class=\"h-image__frame-container-outer\">\n                    <div class=\"h-image__frame-container\">\n                      <!---->\n                      <!---->\n                      <img loading=\"lazy\" decoding=\"async\" width=\"1196\" height=\"1200\" src=\"https:\/\/forjados.net\/wp-content\/uploads\/2023\/05\/cropped-WhatsApp-Image-2021-05-03-at-16.33.54-1-1.jpeg\" class=\"wp-image-605 style-715-image style-local-551-c16-image\" alt=\"\" srcset=\"https:\/\/forjados.net\/wp-content\/uploads\/2023\/05\/cropped-WhatsApp-Image-2021-05-03-at-16.33.54-1-1.jpeg 1196w, https:\/\/forjados.net\/wp-content\/uploads\/2023\/05\/cropped-WhatsApp-Image-2021-05-03-at-16.33.54-1-1-300x300.jpeg 300w, https:\/\/forjados.net\/wp-content\/uploads\/2023\/05\/cropped-WhatsApp-Image-2021-05-03-at-16.33.54-1-1-1021x1024.jpeg 1021w, https:\/\/forjados.net\/wp-content\/uploads\/2023\/05\/cropped-WhatsApp-Image-2021-05-03-at-16.33.54-1-1-150x150.jpeg 150w, https:\/\/forjados.net\/wp-content\/uploads\/2023\/05\/cropped-WhatsApp-Image-2021-05-03-at-16.33.54-1-1-768x771.jpeg 768w\" sizes=\"auto, (max-width: 1196px) 100vw, 1196px\" \/>\n                      <div class=\"h-image__frame h-hide-lg h-hide-md h-hide-sm style-715-frameImage style-local-551-c16-frameImage\"><\/div>\n                    <\/div>\n                  <\/div>\n                <\/div>\n              <\/div>\n            <\/div>\n          <\/div>\n        <\/div>\n      <\/div>\n    <\/div>\n  <\/div>\n<\/div>","protected":false},"excerpt":{"rendered":"<p>Cerramientos Pretensados Nuestros cerramientos con placas alveolares pretensadas son la mejor opci\u00f3n para su proyecto. Nos adaptamos a la morfolog\u00eda de su obra, dimensionamos el canto de nuestro producto en funci\u00f3n al largo que tenga su estructura. Tenemos de cantos de placa C-15 y C-20. Y los alturas que se fabrican son en 120 cm [&hellip;]<\/p>\n","protected":false},"author":1,"featured_media":0,"parent":0,"menu_order":0,"comment_status":"closed","ping_status":"closed","template":"page-templates\/full-width-page.php","meta":{"footnotes":""},"class_list":["post-551","page","type-page","status-publish","hentry"],"_links":{"self":[{"href":"https:\/\/forjados.net\/index.php\/wp-json\/wp\/v2\/pages\/551","targetHints":{"allow":["GET"]}}],"collection":[{"href":"https:\/\/forjados.net\/index.php\/wp-json\/wp\/v2\/pages"}],"about":[{"href":"https:\/\/forjados.net\/index.php\/wp-json\/wp\/v2\/types\/page"}],"author":[{"embeddable":true,"href":"https:\/\/forjados.net\/index.php\/wp-json\/wp\/v2\/users\/1"}],"replies":[{"embeddable":true,"href":"https:\/\/forjados.net\/index.php\/wp-json\/wp\/v2\/comments?post=551"}],"version-history":[{"count":8,"href":"https:\/\/forjados.net\/index.php\/wp-json\/wp\/v2\/pages\/551\/revisions"}],"predecessor-version":[{"id":974,"href":"https:\/\/forjados.net\/index.php\/wp-json\/wp\/v2\/pages\/551\/revisions\/974"}],"wp:attachment":[{"href":"https:\/\/forjados.net\/index.php\/wp-json\/wp\/v2\/media?parent=551"}],"curies":[{"name":"wp","href":"https:\/\/api.w.org\/{rel}","templated":true}]}}